
False
Does 47 divide 1024?
False
Is 665 a multiple of 6?
False
Does 17 divide 1224?
True
Does 32 divide 1984?
True
Is 21 a factor of 6425?
False
Does 3 divide 60?
True
Is 44 a factor of 450?
False
Is 6 a factor of 160?
False
Does 19 divide 399?
True
Does 12 divide 120?
True
Is 4979 a multiple of 140?
False
Is 266 a multiple of 5?
False
Does 239 divide 18642?
True
Does 60 divide 3334?
False
Is 27 a factor of 19170?
True
Does 7 divide 5754?
True
Is 644 a multiple of 23?
True
Does 21 divide 12149?
False
Is 271 a factor of 30554?
False
Is 30 a factor of 1024?
False
Is 28 a factor of 961?
False
Is 10012 a multiple of 64?
False
Is 5 a factor of 523?
False
Is 16819 a multiple of 11?
True
Is 740 a multiple of 16?
False
Does 21 divide 333?
False
Is 8 a factor of 904?
True
Does 11 divide 209?
True
Is 13 a factor of 554?
False
Is 2 a factor of 291?
False
Is 546 a multiple of 6?
True
Is 32 a factor of 128?
True
Is 57 a factor of 3705?
True
Is 1840 a multiple of 23?
True
Does 10 divide 120?
True
Does 35 divide 35?
True
Does 15 divide 13297?
False
Is 38 a factor of 3458?
True
Is 60 a factor of 3000?
True
Is 7400 a multiple of 148?
True
Is 492 a multiple of 6?
True
Is 591 a multiple of 156?
False
Is 154 a multiple of 77?
True
Is 5 a factor of 27157?
False
Is 457 a multiple of 45?
False
Is 14 a factor of 1694?
True
Does 146 divide 7300?
True
Is 352 a multiple of 15?
False
Is 15 a factor of 32640?
True
Is 132 a multiple of 33?
True
Does 6 divide 30?
True
Is 28 a factor of 1848?
True
Is 1788 a multiple of 12?
True
Is 352 a multiple of 35?
False
Does 18 divide 1386?
True
Is 26 a factor of 4369?
False
Does 15 divide 347?
False
Is 10 a factor of 260?
True
Is 4 a factor of 122?
False
Is 18 a factor of 5400?
True
Does 282 divide 347?
False
Is 6175 a multiple of 7?
False
Is 30800 a multiple of 280?
True
Does 35 divide 6510?
True
Does 12 divide 6672?
True
Does 189 divide 1415?
False
Does 51 divide 2958?
True
Does 36 divide 3303?
False
Is 11 a factor of 1188?
True
Does 84 divide 2016?
True
Does 40 divide 3040?
True
Is 41021 a multiple of 40?
False
Is 293 a multiple of 12?
False
Is 150 a multiple of 10?
True
Does 26 divide 22324?
False
Is 533 a multiple of 14?
False
Does 7 divide 224?
True
Is 34550 a multiple of 8?
False
Is 51 a factor of 9515?
False
Is 190 a multiple of 19?
True
Is 57 a factor of 1767?
True
Is 8 a factor of 240?
True
Is 76 a factor of 47176?
False
Is 18 a factor of 11486?
False
Is 18 a factor of 1782?
True
Is 11 a factor of 53?
False
Is 122 a factor of 7128?
False
Does 8 divide 1399?
False
Is 942 a multiple of 80?
False
Does 115 divide 6147?
False
Does 20 divide 11606?
False
Is 47 a multiple of 10?
False
Does 241 divide 21690?
True
Does 48 divide 624?
True
Is 2732 a multiple of 9?
False
Does 8 divide 3157?
False
Does 174 divide 10440?
True
Does 38 divide 146106?
False
Is 112 a factor of 15568?
True
Is 11 a factor of 517?
True
Is 18 a factor of 1119?
False
Does 13 divide 1989?
True
Does 131 divide 15730?
False
Is 22126 a multiple of 74?
True
Is 3406 a multiple of 38?
False
Is 9492 a multiple of 77?
False
Is 776 a multiple of 97?
True
Is 5 a factor of 460?
True
Does 33 divide 726?
True
Is 2 a factor of 10294?
True
Is 618 a multiple of 163?
False
Is 102 a factor of 3468?
True
Is 252 a multiple of 21?
True
Does 10 divide 1928?
False
Is 1567 a multiple of 44?
False
Is 21 a factor of 972?
False
Is 28 a factor of 6148?
False
Does 57 divide 166?
False
Does 6 divide 510?
True
Does 3 divide 297?
True
Is 13 a factor of 11102?
True
Does 36 divide 202?
False
Does 15 divide 1439?
False
Does 52 divide 7904?
True
Does 365 divide 131765?
True
Is 82 a factor of 28372?
True
Is 222 a factor of 23248?
False
Is 15 a factor of 995?
False
Is 1170 a multiple of 9?
True
Does 44 divide 894?
False
Is 25 a factor of 335?
False
Is 41 a factor of 9070?
False
Does 6 divide 1486?
False
Does 19 divide 5168?
True
Does 102 divide 12546?
True
Is 933 a multiple of 21?
False
Is 12 a factor of 2133?
False
Is 83 a factor of 2209?
False
Does 15 divide 1291?
False
Is 15 a factor of 15?
True
Does 80 divide 13281?
False
Does 16 divide 24720?
True
Is 58114 a multiple of 14?
True
Is 4 a factor of 300?
True
Does 14 divide 3777?
False
Is 1580 a multiple of 4?
True
Is 13 a factor of 13726?
False
Does 16 divide 3760?
True
Is 1065 a multiple of 18?
False
Is 4 a factor of 144?
True
Does 93 divide 5487?
True
Does 25 divide 3519?
False
Does 14 divide 63728?
True
Does 45 divide 2880?
True
Is 9912 a multiple of 236?
True
Does 71 divide 9276?
False
Does 17 divide 1564?
True
Does 24 divide 12240?
True
Is 85 a factor of 617?
False
Is 18 a factor of 3455?
False
Does 23 divide 44293?
False
Is 950 a multiple of 50?
True
Is 19 a factor of 779?
True
Is 651 a multiple of 21?
True
Does 35 divide 686?
False
Does 21 divide 168?
True
Is 106 a factor of 25546?
True
Is 1068 a multiple of 6?
True
Is 4 a factor of 26587?
False
Is 14 a factor of 41804?
True
Does 31 divide 781?
False
Is 12054 a multiple of 42?
True
Is 84 a factor of 673?
False
Is 9 a factor of 369?
True
Is 13 a factor of 492?
False
Is 3 a factor of 13314?
True
Is 2868 a multiple of 4?
True
Is 3760 a multiple of 24?
False
Does 17 divide 3911?
False
Is 1482 a multiple of 57?
True
Is 114 a multiple of 7?
False
Does 19 divide 8857?
False
Does 8 divide 769?
False
Is 43 a factor of 903?
True
Is 20265 a multiple of 131?
False
Is 20450 a multiple of 50?
True
Does 38 divide 5456?
False
Is 4 a factor of 224?
True
Is 3 a factor of 95?
False
Is 36 a factor of 3254?
False
Does 13 divide 533?
True
Is 193 a multiple of 49?
False
Is 2 a factor of 78?
True
Does 25 divide 75?
True
Is 10 a factor of 13623?
False
Is 560 a multiple of 28?
True
Is 15 a factor of 115320?
True
Is 16444 a multiple of 64?
False
Is 15 a factor of 60?
True
Does 15 divide 105?
True
Is 119 a factor of 17624?
False
Does 16 divide 1122?
False
Does 104 divide 4680?
True
Does 91 divide 12445?
False
Does 26 divide 780?
True
Is 7 a factor of 2695?
True
Is 157 a factor of 17452?
False
Is 14 a factor of 2165?
False
Is 125 a factor of 1875?
True
Does 6 divide 72?
True
Is 6 a factor of 11473?
False
Does 30 divide 630?
True
Is 17 a factor of 850?
True
Does 3 divide 2040?
True
Is 13 a factor of 3401?
False
Is 229 a multiple of 18?
False
Does 7 divide 677?
False
Is 92 a factor of 2530?
False
Is 56 a factor of 17808?
True
Is 164 a multiple of 7?
False
Is 335 a factor of 117585?
True
Does 6 divide 3608?
False
Is 19 a factor of 368?
False
Is 399 a multiple of 21?
True
Is 32430 a multiple of 12?
False
Is 121 even?
False
Is 24 a factor of 1728?
True
Is 101419 a multiple of 13?
False
Is 43 a factor of 31906?
True
Is 52 a factor of 96213?
False
Is 5508 a multiple of 20?
False
Is 3790 a multiple of 9?
False
Is 35 a factor of 425?
False
Is 2 a factor of 108?
True
Is 17 a factor of 64090?
True
Is 19 a factor of 13460?
False
Is 7 a factor of 161?
True
Is 52 a factor of 260?
True
Is 858 a multiple of 29?
False
Is 7 a factor of 47027?
False
Does 58 divide 1470?
False
Is 1416 a multiple of 86?
False
Is 4228 a multiple of 62?
False
Is 252 a multiple of 63?
True
Is 2991 a multiple of 31?
False
Is 608 a multiple of 19?
True
Is 1302 a multiple of 42?
True
Is 9 a factor of 24201?
True
Is 6060 a multiple of 15?
True
Does 4 divide 1884?
True
Is 44 a factor of 11096?
False
Is 82 a factor of 25256?
True
Is 5716 a multiple of 84?
False
Does 442 divide 136578?
True
Is 16 a factor of 1056?
True
Does 11 divide 946?
True
Does 4 divide 20?
True
Is 14 a factor of 3935?
False
Is 832 a multiple of 64?
True
Is 181 a factor of 17195?
True
Is 5 a factor of 195?
True
Is 33 a factor of 4851?
True
Does 10 divide 57740?
True
Is 8 a factor of 9336?
True
Is 7 a factor of 2014?
False
Does 17 divide 2431?
True
Is 5 a factor of 6925?
True
Is 2 a factor of 8306?
True
Is 13962 a multiple of 104?
False
Is 3848 a multiple of 104?
True
Does 134 divide 42057?
False
Is 23 a factor of 3565?
True
Is 1812 a multiple of 12?
True
Does 16 divide 608?
True
Is 7 a factor of 3367?
True
Is 6080 a multiple of 76?
True
Is 25 a factor of 4325?
True
Is 1186 a multiple of 67?
False
Does 151 divide 24709?
False
Does 46 divide 1232?
False
Does 14 divide 711?
False
Is 72 a factor of 60073?
False
Is 319 a multiple of 29?
True
Is 15 a factor of 1380?
True
Is 594 a multiple of 66?
Tr